ite?
False
Is 292182557 composite?
False
Is 1628308673 prime?
False
Is 1329132187 composite?
False
Is 514191131 a prime number?
True
Is 70234656617 prime?
False
Is 710465323 prime?
True
Is 2255316419 a prime number?
False
Is 531655081 composite?
True
Is 5215105663 composite?
False
Is 2562343201 composite?
True
Is 9137446223 a prime number?
True
Is 933279089 prime?
True
Is 2228078134 composite?
True
Is 19369995181 a composite number?
False
Is 78890006653 prime?
False
Is 714084001 composite?
False
Is 506829193 a composite number?
True
Is 28989886577 composite?
False
Is 5845404011 a prime number?
True
Is 51719862891 a prime number?
False
Is 1679332969 prime?
True
Is 3606960491 a prime number?
True
Is 117324761897 a prime number?
False
Is 99685923839 prime?
False
Is 12653119 a composite number?
False
Is 1321210001 prime?
False
Is 38584374461 a prime number?
True
Is 642050609 prime?
True
Is 44460087823 composite?
False
Is 498548111 a prime number?
True
Is 337488797 a prime number?
False
Is 7469462071 prime?
True
Is 1452569791 a composite number?
True
Is 537873473 prime?
True
Is 25382214329 a prime number?
False
Is 7072187842 composite?
True
Is 5369587147 prime?
True
Is 3410224253 prime?
False
Is 12578814383 composite?
False
Is 8126752663 a prime number?
False
Is 236067467 a composite number?
False
Is 104649427 composite?
True
Is 46731823 composite?
True
Is 328971569 a composite number?
False
Is 38445010277 a prime number?
True
Is 4070469457 a prime number?
True
Is 2306129201 composite?
True
Is 1656910643 a composite number?
True
Is 289086673 a prime number?
False
Is 1634854183 prime?
False
Is 2532142111 a composite number?
True
Is 32149624723 a prime number?
True
Is 4192488311 composite?
True
Is 109356371 composite?
False
Is 8250416777 prime?
True
Is 6415149211 a prime number?
False
Is 1850325223 a prime number?
True
Is 10114568377 composite?
False
Is 222797033 prime?
False
Is 49946769241 prime?
True
Is 31152331741 prime?
True
Is 7477151399 composite?
True
Is 3599938961 a composite number?
True
Is 15513397667 a composite number?
False
Is 12056767751 a prime number?
False
Is 8068747319 a composite number?
True
Is 570476851 composite?
True
Is 350308289 prime?
True
Is 84238840043 prime?
False
Is 16357604579 a prime number?
False
Is 2398788343 a composite number?
True
Is 1152239347 a prime number?
False
Is 38613215903 a prime number?
True
Is 10100441209 a composite number?
False
Is 22927378681 prime?
False
Is 155865402767 prime?
True
Is 25716258293 a composite number?
True
Is 93764327 a prime number?
False
Is 1078710299 composite?
True
Is 7298911607 prime?
False
Is 3195721097 prime?
False
Is 326009494 a prime number?
False
Is 260117312419 composite?
False
Is 103615926101 prime?
False
Is 10048331 prime?
True
Is 5998651427 a prime number?
True
Is 1323199751 a composite number?
False
Is 79222876559 prime?
False
Is 5417078354 composite?
True
Is 32138438077 a prime number?
True
Is 1159538719 composite?
False
Is 33337172147 prime?
True
Is 142493089 a composite number?
True
Is 51864324243 a composite number?
True
Is 22882847341 a composite number?
True
Is 23942270401 a prime number?
False
Is 55064103239 a composite number?
False
Is 8862396791 composite?
False
Is 2121332779 composite?
False
Is 111064001 prime?
True
Is 2450764991 prime?
True
Is 9222668759 a composite number?
True
Is 10139921039 a composite number?
True
Is 20204601611 a composite number?
True
Is 3978329561 prime?
True
Is 49880605487 a prime number?
True
Is 29361186683 composite?
False
Is 2134547435 prime?
False
Is 4878673439 a composite number?
True
Is 627635141 prime?
False
Is 151323353 a composite number?
True
Is 102687121153 a prime number?
True
Is 2592915887 prime?
True
Is 83409295657 a composite number?
False
Is 2032162631 a composite number?
True
Is 54854894191 a composite number?
True
Is 2289349219 a composite number?
False
Is 1259497549 prime?
False
Is 2527930403 composite?
False
Is 566653697 prime?
True
Is 10477946 a composite number?
True
Is 5000107159 prime?
True
Is 31303348801 a prime number?
True
Is 156966993023 composite?
False
Is 1794777811 composite?
False
Is 3834328109 a composite number?
True
Is 96031361 composite?
False
Is 13686793 prime?
False
Is 6271961951 a prime number?
False
Is 152938859 composite?
False
Is 317271457 a composite number?
False
Is 789986633 composite?
False
Is 14038918147 prime?
True
Is 105663860917 prime?
False
Is 3248537177 prime?
False
Is 455848973 prime?
True
Is 23165909693 a composite number?
False
Is 1384539479 prime?
True
Is 420638891 a prime number?
False
Is 421200529 a prime number?
True
Is 26400901133 composite?
False
Is 2364642517 prime?
True
Is 11456964829 a composite number?
True
Is 219891696587 composite?
True
Is 3077648191 prime?
True
Is 19835869591 a composite number?
True
Is 3333420707 composite?
True
Is 15884954167 a composite number?
False
Is 4739627891 a composite number?
False
Is 127250823053 a composite number?
True
Is 2785727653 prime?
True
Is 19103382329 composite?
True
Is 62777771461 a prime number?
True
Is 3073577599 composite?
True
Is 16272330103 a composite number?
False
Is 10246469726 prime?
False
Is 4128684089 a prime number?
True
Is 4940785853 prime?
True
Is 111481369 a prime number?
True
Is 205939813 composite?
False
Is 10081514753 composite?
False
Is 44712803053 a prime number?
False
Is 506832929 a prime number?
True
Is 51094204691 a prime number?
True
Is 167492461 a composite number?
True
Is 4217358074 a composite number?
True
Is 1173761707 prime?
True
Is 50721148063 a composite number?
False
Is 1301821541 composite?
False
Is 16480165219 a prime number?
False
Is 1261725961 a composite number?
True
Is 2383473809 composite?
False
Is 27411569639 a composite number?
False
Is 6933958049 prime?
False
Is 3429580079 prime?
True
Is 324231613 a prime number?
False
Is 768582011 a prime number?
True
Is 921040231 a prime number?
True
Is 2233216451 composite?
False
Is 2187898001 prime?
True
Is 411506878 prime?
False
Is 352797658 a composite number?
True
Is 321411667 a prime number?
True
Is 4280468159 prime?
False
Is 764193271 a prime number?
False
Is 64649647333 a prime number?
True
Is 4144362559 a prime number?
True
Is 5553823589 a prime number?
False
Is 987218659 a prime number?
False
Is 21967442489 composite?
False
Is 27774003611 prime?
True
Is 1866336691 a prime number?
True
Is 114323406551 a prime number?
False
Is 4387287181 composite?
False
Is 14272811095 a composite number?
True
Is 394842106 a prime number?
False
Is 202686919 a composite number?
False
Is 116532480287 prime?
True
Is 32384245133 composite?
False
Is 113439539 a prime number?
True
Is 278981891 prime?
False
Is 66905080427 a composite number?
False
Is 520927733 a prime number?
False
Is 492804259 prime?
False
Is 109175939 a composite number?
False
Is 1002479381 composite?
True
Is 284515997 prime?
True
Is 2515770853 composite?
False
Is 3510647429 prime?
True
Is 188852987 prime?
False
Is 421992163 a prime number?
False
Is 2361438223 prime?
True
Is 5758635397 a prime number?
True
Is 10120465469 a composite number?
True
Is 553106102 a composite number?
True
Is 143685160417 composite?
False
Is 48697456039 composite?
True
Is 3293622991 composite?
True
Is 8137787663 a composite number?
False
Is 13194675327 prime?
False
Is 12443081293 a prime number?
False
Is 515293399 composite?
True
Is 19038658435 a prime number?
False
Is 1358786587 a composite number?
True
Is 3002486029 prime?
False
Is 42900857393 composite?
False
Is 12923144603 a composite number?
False
Is 1360600643 a prime number?
False
Is 9782564929 composite?
False
Is 1445903309 a prime number?
True
Is 365602303 prime?
False
Is 7556907931 composite?
False
Is 435236369 a prime number?
False
Is 25519560019 prime?
True
Is 807269849 a prime number?
True
Is 3235048631 composite?
False
Is 7189184019 prime?
False
Is 8693792801 a composite number?
True
Is 19320486733 prime?
False
Is 6776152157 a composite number?
True
Is 71462294699 prime?
False
Is 521155819 a prime number?
True
Is 1046070811 composite?
False
Is 1784982701 a composite number?
True
Is 33441995465 a prime number?
False
Is 810128599 composite?
True
Is 56258942807 prime?
True
Is 1104495611 composite?
False
Is 2551135537 composite?
False
Is 4316847707 composite?